e 8.
12
Convert 101 (base 3) to base 7.
13
Convert 0 (base 3) to base 5.
0
What is 9 (base 12) in base 3?
100
What is 3 (base 8) in base 3?
10
5 (base 11) to base 10
5
What is 535 (base 6) in base 14?
107
Convert 8 (base 11) to base 9.
8
1110 (base 2) to base 8
16
What is 0 (base 8) in base 5?
0
What is 11 (base 9) in base 3?
101
What is -222 (base 5) in base 10?
-62
Convert 31 (base 4) to base 15.
d
What is -10 (base 3) in base 16?
-3
154 (base 9) to base 10
130
-57 (base 16) to base 6
-223
137 (base 8) to base 5
340
What is -5 (base 8) in base 2?
-101
203 (base 6) to base 14
55
11 (base 3) to base 15
4
What is -5 (base 10) in base 8?
-5
Convert -5 (base 11) to base 13.
-5
-ee (base 16) to base 5
-1423
What is 0 (base 4) in base 13?
0
What is 11a (base 12) in base 7?
325
What is 121 (base 4) in base 16?
19
-25 (base 16) to base 4
-211
What is -13 (base 8) in base 16?
-b
2 (base 3) to base 8
2
-12 (base 16) to base 4
-102
Convert -27 (base 10) to base 8.
-33
53 (base 10) to base 7
104
Convert -65 (base 10) to base 15.
-45
What is 0 (base 14) in base 15?
0
-22 (base 3) to base 9
-8
Convert 51 (base 8) to base 13.
32
What is -1103 (base 4) in base 5?
-313
What is 143 (base 5) in base 11?
44
10 (base 13) to base 7
16
What is -2 (base 13) in base 9?
-2
-1101100 (base 2) to base 5
-413
What is -112 (base 4) in base 10?
-22
What is 3 (base 11) in base 2?
11
What is -26 (base 14) in base 4?
-202
What is -10 (base 11) in base 6?
-15
100 (base 7) to base 6
121
Convert 10011 (base 2) to base 7.
25
2 (base 4) to base 7
2
Convert -11220 (base 4) to base 7.
-1023
What is -110100 (base 2) in base 5?
-202
Convert b5 (base 16) to base 11.
155
What is 7 (base 12) in base 9?
7
2 (base 3) to base 15
2
What is -101 (base 5) in base 14?
-1c
Convert 0 (base 8) to base 10.
0
What is -23 (base 8) in base 13?
-16
Convert b (base 14) to base 13.
b
Convert -21 (base 7) to base 2.
-1111
Convert -11 (base 14) to base 15.
-10
-3 (base 14) to base 13
-3
What is 8 (base 11) in base 9?
8
Convert -23 (base 4) to base 16.
-b
Convert -1 (base 3) to base 14.
-1
Convert 1 (base 16) to base 7.
1
What is 52 (base 7) in base 4?
211
What is 11 (base 2) in base 9?
3
Convert -1 (base 9) to base 7.
-1
What is 1121 (base 4) in base 8?
131
What is 10100 (base 2) in base 5?
40
Convert 68 (base 15) to base 7.
200
8 (base 10) to base 6
12
Convert 3 (base 13) to base 4.
3
Convert 1 (base 4) to base 12.
1
What is 11 (base 6) in base 14?
7
-3 (base 14) to base 6
-3
What is 3 (base 4) in base 12?
3
111000 (base 2) to base 6
132
1 (base 13) to base 3
1
Convert 2 (base 5) to base 7.
2
114 (base 15) to base 4
3310
-1 (base 10) to base 14
-1
What is -15 (base 8) in base 14?
-d
What is 119 (base 12) in base 3?
20010
What is 1 (base 12) in base 15?
1
Convert 2 (base 4) to base 3.
2
Convert 2 (base 5) to base 7.
2
What is 0 (base 4) in base 9?
0
Convert -10 (base 8) to base 10.
-8
What is 100001 (base 2) in base 13?
27
5 (base 13) to base 8
5
Convert -3 (base 6) to base 5.
-3
11 (base 14) to base 2
1111
What is 40 (base 15) in base 8?
74
Convert 66 (base 9) to base 15.
40
-32 (base 4) to base 5
-24
Convert 1022 (base 3) to base 11.
32
Convert -11 (base 8) to base 3.
-100
What is -4 (base 7) in base 13?
-4
Convert 10 (base 5) to base 11.
5
What is 5 (base 8) in base 5?
10
What is -11a (base 12) in base 3?
-20011
127 (base 9) to base 12
8a
Convert -75 (base 8) to base 2.
-111101
Convert 5 (base 12) to base 8.
5
Convert 1 (base 14) to base 10.
1
8 (base 11) to base 9
8
What is 20 (base 15) in base 8?
36
Convert -112 (base 4) to base 10.
-22
What is 3 (base 16) in base 3?
10
What is 21 (base 10) in base 2?
10101
-31 (base 14) to base 16
-2b
Convert 111001 (base 2) to base 14.
41
Convert 1 (base 9) to base 2.
1
-10 (base 8) to base 3
-22
What is 1 (base 13) in base 8?
1
0 (base 15) to base 6
0
49 (base 13) to base 2
111101
-1021 (base 3) to base 7
-46
What is -300 (base 10) in base 9?
-363
-12 (base 4) to base 14
-6
10 (base 4) to base 3
11
Convert 19 (base 11) to base 2.
10100
Convert -1 (base 13) to base 15.
-1
What is -3 (base 14) in base 11?
-3
-100200 (base 3) to base 8
-405
What is -144 (base 6) in base 13?
-4c
-1 (base 13) to base 7
-1
Convert -102 (base 3) to base 16.
-b
What is 27 (base 9) in base 3?
221
-9 (base 11) to base 8
-11
Convert 11 (base 2) to base 11.
3
Convert 13 (base 5) to base 3.
22
Convert -3 (base 11) to base 6.
-3
-62 (base 8) to base 13
-3b
-1023 (base 6) to base 9
-276
What is -2 (base 3) in base 2?
-10
What is 4 (base 16) in base 4?
10
What is 3 (base 16) in base 13?
3
Convert 23 (base 4) to base 8.
13
-100 (base 2) to base 8
-4
Convert -12a (base 16) to base 8.
-452
Convert 173 (base 14) to base 16.
129
Convert 4 (base 13) to base 2.
100
Convert -112 (base 3) to base 12.
-12
Convert -1 (base 14) to base 11.
-1
2 (base 4) to base 10
2
Convert 32 (base 8) to base 16.
1a
Convert 243 (base 7) to base 12.
a9
What is -47 (base 13) in base 14?
-43
-2b (base 16) to base 2
-101011
Convert -64 (base 14) to base 15.
-5d
Convert -2 (base 11) to base 7.
-2
12 (base 6) to base 7
11
What is -317 (base 10) in base 5?
-2232
Convert -10 (base 13) to base 14.
-d
120 (base 10) to base 5
440
4 (base 5) to base 16
4
-75 (base 8) to base 13
-49
-19 (base 15) to base 4
-120
Convert -16 (base 16) to base 10.
-22
Convert 2 (base 15) to base 14.
2
1 (base 12) to base 4
1
Convert -40 (base 13) to base 2.
-110100
What is -3 (base 8) in base 11?
-3
-222 (base 4) to base 7
-60
What is 82 (base 10) in base 16?
52
Convert 304 (base 5) to base 10.
79
Convert -121 (base 5) to base 14.
-28
Convert 5 (base 14) to base 6.
5
-10001 (base 2) to base 11
-16
What is 1b (base 12) in base 11?
21
-10021 (base 3) to base 11
-80
101 (base 2) to base 7
5
What is 2 (base 3) in base 13?
2
100 (base 2) to base 16
4
-1 (base 11) to base 14
-1
-28 (base 13) to base 10
-34
What is -27 (base 9) in base 15?
-1a
2 (base 7) to base 14
2
Convert 1 (base 2) to base 7.
1
Convert -3 (base 10) to base 9.
-3
Convert -4 (base 12) to base 5.
-4
What is -58 (base 9) in base 4?
-311
Convert 2 (base 3) to base 11.
2
124 (base 9) to base 11
94
What is 4 (base 11) in base 14?
4
-12 (base 7) to base 13
-9
What is -15 (base 9) in base 16?
-e
Convert -136 (base 7) to base 10.
-76
What is -72 (base 12) in base 2?
-1010110
Convert 14 (base 15) to base 16.
13
Convert -21001 (base 3) to base 10.
-190
-3 (base 14) to base 6
-3
Convert -ea (base 16) to base 4.
-3222
What is -23 (base 6) in base 2?
-1111
-333 (base 5) to base 8
-135
What is -111 (base 6) in base 14?
-31
What is 11212 (base 3) in base 11?
10a
Convert 1000001 (base 2) to base 14.
49
Convert 1 (base 8) to base 15.
1
What is 4 (base 14) in base 3?
11
0 (base 5) to base 8
0
What is -11011 (base 2) in base 5?
-102
-101000 (base 2) to base 5
-130
Convert 54 (base 6) to base 9.
37
221 (base 4) to base 8
51
13 (base 6) to base 3
100
Convert -30 (base 5) to base 14.
-11
Convert -24 (base 10) to base 6.
-40
-100 (base 2) to base 12
-4
-202 (base 7) to base 6
-244
What is 2 (base 11) in base 12?
2
What is -2112 (base 3) in base 12?
-58
100 (base 2) to base 16
4
5 (base 6) to base 8
5
-9 (base 10) to base 6
-13
-3 (base 13) to base 5
-3
132 (base 5) to base 14
30
What is -13 (base 12) in base 11?
-14
What is -25 (base 13) in base 4?
-133
-2 (base 8) to base 16
-2
-16 (base 11) to base 13
-14
What is 2 (base 14) in base 15?
2
2 (base 12) to base 15
2
-41 (base 5) to base 10
-21
Convert -5 (base 9) to base 11.
-5
-102 (base 4) to base 13
-15
3 (base 8) to base 7
3
Convert -8b (base 14) to base 5.
-443
Convert 6 (base 13) to base 10.
6
-65 (base 7) to base 10
-47
60 (base 12) to base 10
72
-113 (base 4) to base 5
-43
What is -1202 (base 3) in base 10?
-47
24 (base 5) to base 15
e
What is 0 (base 16) in base 5?
0
What is -7 (base 10) in base 9?
-7
Convert 81 (base 9) to base 3.
2201
-2 (base 16) to base 7
-2
Convert 1113 (base 5) to base 6.
422
What is 12 (base 3) in base 16?
5
-22 (base 4) to base 10
-10
-9e (base 16) to base 4
-2132
-a (base 14) to base 11
-a
Convert 11 (base 2) to base 14.
3
What is 2303 (base 5) in base 4?
11020
What is 7 (base 9) in base 16?
7
Convert -101012 (base 3) to base 2.
-100010011
Convert d (base 14) to base 5.
23
Convert 120 (base 3) to base 5.
30
What is -4 (base 14) in